{"version":"1.0","provider_name":"Management Factory","provider_url":"https:\/\/mf.ag\/de\/","author_name":"VALTUS Management Factory","author_url":"https:\/\/mf.ag\/de\/author\/managementfactory\/","title":"Interim Chief Operating Officer (COO) \/ Interimistische:r Operative:r Leiter:in \/ Rent a COO","type":"rich","width":600,"height":338,"html":"<blockquote class=\"wp-embedded-content\" data-secret=\"fNJoa0EVfX\"><a href=\"https:\/\/mf.ag\/de\/interim-chief-operating-officer\/\">Interim Chief Operating Officer (COO) \/ Interimistische:r Operative:r Leiter:in \/ Rent a COO<\/a><\/blockquote><iframe sandbox=\"allow-scripts\" security=\"restricted\" src=\"https:\/\/mf.ag\/de\/interim-chief-operating-officer\/embed\/#?secret=fNJoa0EVfX\" width=\"600\" height=\"338\" title=\"&#8222;Interim Chief Operating Officer (COO) \/ Interimistische:r Operative:r Leiter:in \/ Rent a COO&#8220; &#8211; Management Factory\" data-secret=\"fNJoa0EVfX\" frameborder=\"0\" marginwidth=\"0\" marginheight=\"0\" scrolling=\"no\" class=\"wp-embedded-content\"><\/iframe><script>\n\/*! This file is auto-generated *\/\n!function(d,l){\"use strict\";l.querySelector&&d.addEventListener&&\"undefined\"!=typeof URL&&(d.wp=d.wp||{},d.wp.receiveEmbedMessage||(d.wp.receiveEmbedMessage=function(e){var t=e.data;if((t||t.secret||t.message||t.value)&&!\/[^a-zA-Z0-9]\/.test(t.secret)){for(var s,r,n,a=l.querySelectorAll('iframe[data-secret=\"'+t.secret+'\"]'),o=l.querySelectorAll('blockquote[data-secret=\"'+t.secret+'\"]'),c=new RegExp(\"^https?:$\",\"i\"),i=0;i<o.length;i++)o[i].style.display=\"none\";for(i=0;i<a.length;i++)s=a[i],e.source===s.contentWindow&&(s.removeAttribute(\"style\"),\"height\"===t.message?(1e3<(r=parseInt(t.value,10))?r=1e3:~~r<200&&(r=200),s.height=r):\"link\"===t.message&&(r=new URL(s.getAttribute(\"src\")),n=new URL(t.value),c.test(n.protocol))&&n.host===r.host&&l.activeElement===s&&(d.top.location.href=t.value))}},d.addEventListener(\"message\",d.wp.receiveEmbedMessage,!1),l.addEventListener(\"DOMContentLoaded\",function(){for(var e,t,s=l.querySelectorAll(\"iframe.wp-embedded-content\"),r=0;r<s.length;r++)(t=(e=s[r]).getAttribute(\"data-secret\"))||(t=Math.random().toString(36).substring(2,12),e.src+=\"#?secret=\"+t,e.setAttribute(\"data-secret\",t)),e.contentWindow.postMessage({message:\"ready\",secret:t},\"*\")},!1)))}(window,document);\n<\/script>\n","description":"Welchen Beitrag kann ein Interim COO leisten? Ein Interim COO ist eine versierte betriebliche F\u00fchrungskraft, die operative Ver\u00e4nderungen, Prozess-Transformationen, Integration von Gesch\u00e4ftsbereichen oder Umstrukturierungen in laufenden Organisationen verantwortet. Der Interim COO \u00fcbernimmt kurzfristig die operative F\u00fchrungsebene und sorgt daf\u00fcr, dass Prozesse reibungslos funktionieren, operative Exzellenz hergestellt wird und strategische Vorhaben effizient umgesetzt werden. Welche spezifischen [&hellip;]","thumbnail_url":"https:\/\/mf.ag\/wp-content\/uploads\/2023\/11\/ManagementFactory_c_David_Bohmann_051.jpg","thumbnail_width":2048,"thumbnail_height":1365}

Welchen Beitrag kann ein Interim COO leisten? Ein Interim COO ist eine versierte betriebliche Führungskraft, die operative Veränderungen, Prozess-Transformationen, Integration von Geschäftsbereichen oder Umstrukturierungen in laufenden Organisationen verantwortet. Der Interim COO übernimmt kurzfristig die operative Führungsebene und sorgt dafür, dass Prozesse reibungslos funktionieren, operative Exzellenz hergestellt wird und strategische Vorhaben effizient umgesetzt werden. Welche spezifischen [&hellip;]
